3*z - 1121. Calculate the highest common divisor of 1 and y.
1
Suppose 3*k - 18 = 0, -131*l + 129*l - 3*k = -144. Calculate the greatest common divisor of l and 1155.
21
Let n be -1 + (2 - 1 - -25). Suppose 133*z - 5760 = 47*z - 42*z. What is the greatest common divisor of z and n?
5
Suppose 0*j = -4*h - 2*j + 302, 194 = 3*h - 5*j. Let z = -24 + h. Let k = -27234 - -27248. Calculate the highest common divisor of z and k.
7
Let f = -350 + 353. Suppose -j - 3 = j + n, j - 5*n - 15 = 0. Suppose -2*t + f*t - 308 = j. Calculate the highest common factor of t and 28.
28
Suppose -133 = -z + 5*v, 2*z + 4*v - 258 = 6*v. Let p = 45 + 51. Calculate the greatest common divisor of z and p.
32
Let o(l) = -l - 9. Let u be o(-8). Let s be 1*(-1 - u)*-1. Suppose 5*k - 153 + 38 = s. Calculate the highest common divisor of 207 and k.
23
Suppose -2*r = 2*g - 58, g - 6*g - 4*r + 141 = 0. Let i = 199 + 76. What is the highest common divisor of i and g?
25
Suppose 22*l = -6*l + 4340. Let u = l - 103. What is the greatest common divisor of u and 2?
2
Suppose 128*l - 2470 - 3426 = -6*l. Let r = 167 - 100. Suppose -21 = -4*t + r. What is the greatest common divisor of l and t?
22
Suppose 10734 = 5*u + h - 17099, 10*h = -70. Calculate the greatest common divisor of 240 and u.
48
Let v = 25157 + -20973. Calculate the highest common factor of 32 and v.
8
Suppose 3*y - 6 = -2*s, -3 = 2*y - 2*s - 7. Calculate the highest common factor of y and 508.
2
Suppose 126 = 102*w - 101*w. Suppose 0 = 3*s - 7 + 1, 2*d - 26 = s. What is the greatest common divisor of d and w?
14
Let m(g) = g**2 + 58*g - 524. Let o be m(12). Calculate the highest common factor of 20 and o.
4
Let t be 2*10*(-8)/32 + 220. Calculate the greatest common divisor of t and 2107.
43
Suppose -5*o - 4*d + 114621 = -29958, -57818 = -2*o - 5*d. Calculate the highest common divisor of o and 121.
121
Suppose 20 = -13*w + 46. Let q(p) = -p - 15. Let h be q(0). Let u = h + 23. What is the greatest common divisor of u and w?
2
Let f(b) = 216*b**2 + 142*b - 143. Let n be f(1). Calculate the highest common divisor of 1333 and n.
43
Suppose -121*w + 10953 = -2599. Calculate the greatest common factor of 385 and w.
7
Let l(q) = -q**2 - q - 2. Let u(x) = x**2 - 4*x + 108. Let m(g) = -2*l(g) - u(g). Let s be m(-16). Calculate the highest common divisor of 42 and s.
14
Let w be 3/(9/(-173))*-3. Suppose -3*a = -w + 59. Suppose 0 = -248*d - 237*d + 46075. What is the highest common factor of a and d?
19
Suppose 0 = -5*p - 1446 - 439. Let c = p + 378. Calculate the greatest common factor of c and 18.
1
Let q(h) = -340*h + 2897. Let b be q(8). Calculate the greatest common divisor of 1888 and b.
59
Let r(f) = 1393*f + 168. Let h be r(2). What is the highest common factor of 2 and h?
2
Suppose 5*g - 771 = -2*c, -4*g = -4*c - 42 - 558. Calculate the highest common divisor of g and 1547.
17
Suppose -52*h = 95*h - 13269 - 1725. Suppose 4*i = 16, -5*p + 3*p - i + 16 = 0. Calculate the greatest common factor of p and h.
6
Let t be (133/266)/(2*4/192). Calculate the highest common divisor of 1398 and t.
6
Let i(y) = 410*y + 157. Let g be i(32). What is the greatest common factor of 11 and g?
11
Suppose -12*x + 266 = -5*x. Suppose -2*o = 4*s - x, -3*s = -3*o - 0*s + 93. What is the highest common factor of o and 405?
27
Suppose 39 - 46 = j, -5*z = 2*j - 1386. Calculate the highest common factor of 182 and z.
14
Let u = -161 - -161. Suppose u = -3*j + 1160 - 26. Calculate the highest common divisor of j and 14.
14
Let f = 11 + -4. Suppose -f*p = -2*p - 210. Let z = -835 - -841. What is the greatest common factor of p and z?
6
Suppose 3*s = 7*h + 3031, 2*h = -6*s + 11*s - 5013. What is the highest common factor of 22 and s?
11
Suppose 138*k - 124*k = 6734. Let x = 57 - 44. What is the greatest common divisor of x and k?
13
Let y(b) = b**3 - 2*b**2 - 100*b + 3. Let o be y(-9). What is the highest common divisor of 228 and o?
12
Let d be (-2)/(-6) - (-35)/3. Let j(p) = 74*p + 1266. Let q be j(-17). What is the greatest common divisor of d and q?
4
Let u(b) = b**3 + 6*b**2 - 51*b - 191. Let h be u(-7). Calculate the greatest common factor of 17784 and h.
117
Suppose -6318 = -5*d - 2*v, -5*v - 6325 = -12*d + 7*d. What is the highest common divisor of 237 and d?
79
Let k = -12 - -32. Let j(c) = c**3 + 6*c**2 - 5*c + 14. Let n be j(-7). Let v be 1*(n + (-1 - -6)). What is the highest common factor of k and v?
5
Suppose 5*a = -5*y + 45, 2*a - 3*y + 7*y = 28. Suppose a*k - 5*m + 1 = 0, k + 2*m - 40 = -4*k. What is the highest common divisor of 384 and k?
6
Suppose 5*d + 2*a + 2*a = 41, -10 = 2*d - 5*a. Let w = 22636 - 22635. What is the highest common divisor of d and w?
1
Let l(o) = o**3 + 46*o**2 - 92*o + 20. Let p be l(-20). Calculate the highest common divisor of p and 60.
20
Suppose -129 + 17 = -8*x. Suppose -x*s + 544 = -212. What is the greatest common divisor of 63 and s?
9
Suppose 2*p + 5*p - 16*p = 0. Suppose p = -6*b - 2488 + 10078. Calculate the greatest common factor of b and 23.
23
Let y be (-31549)/(-70) + -3*1/(-10). What is the greatest common divisor of y and 11?
11
Let b = 8839 + -7984. Calculate the highest common factor of b and 1520.
95
Let k(t) = t**2 + 105*t - 3220. Let c be k(47). Calculate the greatest common factor of 48 and c.
12
Suppose 0 = -2*r + 5*g + 158, 3*g + 2*g = -2*r + 118. Let d = 109 - r. What is the greatest common divisor of d and 170?
10
Suppose -117*m + 155 = -1013 - 4331. Calculate the highest common divisor of m and 18941.
47
Let u = 85 - 77. Suppose -u*d + 548 + 372 = 0. Suppose 0 = l - 4*v - 27, 0*l + 2*v = -2*l + 44. What is the highest common divisor of l and d?
23
Let b be (-1 + 1 - 12)*(150/(-12))/5. Calculate the greatest common divisor of b and 5100.
30
Let z(i) = -32*i - 4. Let b(s) = 6*s + 1. Let r(m) = 22*b(m) + 4*z(m). Let a be r(0). Calculate the greatest common factor of a and 30.
6
Let d = -7317 - -7437. What is the highest common factor of 560 and d?
40
Let k = -1811 + 1884. Calculate the greatest common factor of k and 219.
73
Suppose -39 = -11*d + 5. Suppose 0 = 5*a + d*t + 55, 7*a - 3*a + 44 = -t. Let f be (1 - -36) + (-7 - -14) + a. What is the greatest common divisor of 44 and f?
11
Let o(p) = 50*p + 2. Let z be o(1). Suppose 0 = -44*g + 9273 + 451. What is the highest common factor of z and g?
13
Let p(c) = -c**3 + 40*c**2 - 82*c + 32. Let b be p(38). Let h = b - -226. What is the greatest common divisor of h and 1290?
30
Let z(u) = 41*u**2 + 70*u - 438. Let o be z(6). Calculate the highest common factor of 6 and o.
6
Suppose -147*v + 134*v + 327834 = 0. Calculate the greatest common divisor of v and 54.
54
Let o be (23 + (-10)/1)*1. Calculate the highest common divisor of 143 and o.
13
Suppose -4*s = -3*u - 6399, 4*s - 8*u = -7*u + 6389. What is the highest common divisor of 462 and s?
42
Let k = 273 - 247. Suppose -10*i = -46 + k. What is the highest common factor of 10 and i?
2
Let j = -6 + 62. Let q(o) = -6*o**2 + 2*o - 1. Let w be q(1). Let a be (-29)/(-4) + w/20. Calculate the highest common divisor of j and a.
7
Suppose -29*z = -19*z - 360. Let i = 62 - z. What is the greatest common factor of i and 65?
13
Let m = 28 + 34. Suppose -67*l = -m*l - 15. What is the highest common factor of 147 and l?
3
Suppose 95*i + 12 = 99*i, 0 = -2*l + 5*i + 1579. Calculate the greatest common factor of l and 3.
1
Let p = -45 + 46. Let b = 125 + -46. What is the greatest common divisor of b and p?
1
Let b(n) = n**3 - 2*n**2 + 6*n - 5. Let i be b(7). Suppose i + 598 = 5*l. Suppose 2*r - l = 34. What is the greatest common divisor of 70 and r?
35
Suppose 4*n = -2*l - 3*l - 917, -n - 3*l = 224. Let h = n + 241. What is the highest common divisor of h and 136?
8
Suppose 12*c = -158*c + 378420. Calculate the greatest common divisor of 84 and c.
42
Suppose 2227*q = 3693*q + 3293*q - 42831. Let j(z) = 87*z**2 + 5*z + 5. Let l be j(-4). Calculate the greatest common factor of l and q.
9
Let l = -1379 + 1382. Suppose 0 = -4*r + 5*i - 2*i + 68, -i - 16 = -r. Let h = l + r. What is the greatest common divisor of 253 and h?
23
Let b(u) = -u**3 - 82*u**2 - 853*u + 20. Let g be b(-70). What is the greatest common divisor of g and 255?
15
Let n(u) = -3*u**2 + 38*u - 19. Let j be n(19). Let z = 692 + j. 